(l) = 2*l**3 - 6*l**2 + 4*l - 1. Calculate the remainder when v(p) is divided by 16.
15
Let n(t) = -5*t**2 + 4 - 1 - 7*t**3 + 5*t + 6*t**3. Let w = -8 - -2. What is the remainder when 26 is divided by n(w)?
8
Let r = 13 - -18. Calculate the remainder when 59 is divided by r.
28
Suppose 4*g + 4*j - 22 = 9*j, 0 = 2*g - 2*j - 12. Let s = -9 - -14. Calculate the remainder when g is divided by s.
3
What is the remainder when 28 is divided by (-4)/(-6) - (-52)/12?
3
Let l = 2 - -2. Suppose -7*c = -6*c - 13. Calculate the remainder when c is divided by l.
1
Suppose -2 - 8 = -5*w. Suppose -z + 1 + w = 0. Calculate the remainder when z is divided by 1.
0
Suppose 3*j = 2*q + 19, 3*q - 4 = -5*j + 53. What is the remainder when -2 - (3 + -3) - -34 is divided by j?
5
Suppose -3*z + z + 3*d + 12 = 0, 0 = -2*z - 3*d. Let n(v) be the second derivative of v**4/4 + v**3/6 + 4*v. What is the remainder when n(z) is divided by 16?
14
Let r = -16 - -17. Calculate the remainder when 1/(r + (-84)/87) is divided by (4 - 1)*(-10)/(-3).
9
Suppose -9*s + 4*s = -490. Calculate the remainder when s is divided by 20.
18
Let s(c) = -c**2 + 12*c - 8. What is the remainder when s(7) is divided by 10?
7
Suppose 0 = 5*m - 2*d - 385, 268 = 5*m + d - 102. What is the remainder when m is divided by 39?
36
Suppose 2*a + 132 = 4*a. Calculate the remainder when a is divided by 17.
15
Suppose -88 = 3*q - 7. Calculate the remainder when 17 is divided by (q/6)/(5/(-10)).
8
Let n be (2 - (-2)/(-3))*3. Suppose 4*r - 5*j + 6 = 0, 1 = r + 2*j - n. Let z = r - -2. Calculate the remainder when 8 is divided by z.
2
Let a(w) = -3*w**3 + 0*w**3 + 2*w + 2*w**3 + 0*w - 9 + 8*w**2. Calculate the remainder when a(8) is divided by 3.
1
Let s(f) = f**3 + 9*f**2 + 5*f - 10. What is the remainder when s(-8) is divided by 3?
2
Let o(b) = -3*b**3 - 2*b**2 - b - 2. Let u be ((-2)/3)/((-5)/(-15)). Let c be o(u). What is the remainder when 17 is divided by (-3 - 0) + c + -3?
7
Suppose 0 = 3*w - 7*w + 300. Calculate the remainder when w is divided by 20.
15
What is the remainder when 87 is divided by (2/(-3))/(137/(-45) - -3)?
12
Let f(t) = -3*t + 3. Let m be f(2). Calculate the remainder when 12 is divided by m - (-4 + (-1 - 3)).
2
Suppose d = 2*r + 11, -44 = -5*d + d + 4*r. What is the remainder when (-3)/(((-42)/40)/7) is divided by d?
9
Let m be 1 - -1 - (-4 - -3). Let a(r) = 10*r - 1. What is the remainder when a(m) is divided by 10?
9
Suppose -6*y - 2 = -5*y, 2*y + 11 = b. Calculate the remainder when b is divided by 6.
1
Suppose 16 = -3*k - k - 4*y, -5*k = -y + 2. Let q(v) = -47*v**3 - 2*v - 1. Calculate the remainder when q(k) is divided by 17.
14
What is the remainder when 68 is divided by ((-78)/21 + 2)*-21?
32
Suppose 2*h + 3 = 3*o + 1, 0 = -4*h - 4*o + 16. Suppose 0 = -2*v - h*v + 12. Calculate the remainder when 6 is divided by v.
0
Suppose b + 4*c = -66, 6*b + 5*c = 2*b - 220. Let y = -36 - b. Suppose 3*n - 10 = -4*w + 94, -2*n = -4*w + 104. Calculate the remainder when w is divided by y.
12
Let q be 6/4*4 + -3. Suppose 35 = q*v - 5*b, -5*b = 4 - 14. Calculate the remainder when 58 is divided by v.
13
Suppose 3*k - 2*k - 6 = 0. Let d(w) = -w**3 + 9*w**2 - 9*w + 8. What is the remainder when d(k) is divided by 21?
20
Let l(k) = k**3 - 15*k**2 + 2*k - 10. Calculate the remainder when 97 is divided by l(15).
17
Suppose -4*c + 22 = -2*c. Suppose -2*y + 6*y - 16 = 0. Let s = 2 + y. What is the remainder when c is divided by s?
5
Calculate the remainder when 68 is divided by 21 + (-3)/6*-4.
22
Suppose p + 135 = 4*p. Calculate the remainder when p is divided by 16.
13
Let r = -73 - -97. Calculate the remainder when 213 is divided by r.
21
Calculate the remainder when ((-48)/(-20))/((-6)/(-40)) is divided by 2/2*(10 - 1).
7
Let v be ((-2)/5)/(3/(-15)). Suppose -3 = v*l - 31. Suppose -2*p - 3*p = -205. What is the remainder when p is divided by l?
13
Let a be (2 - -2)/(-2) + 4. Suppose -4 = -z - 2*o, a*o - 2 = -0. Calculate the remainder when 7 is divided by z.
1
What is the remainder when (-1)/2*1022/(-7) is divided by 15?
13
Let a(u) = 13*u - 3. Let n = 3 - -2. Suppose n*y + 3*j = y + 47, y - 18 = -2*j. Calculate the remainder when a(2) is divided by y.
7
Suppose 0 = k - 4*k + 30. What is the remainder when 18 is divided by k?
8
Suppose 10 + 3 = 2*i - 5*u, 3*i + 3*u - 72 = 0. Calculate the remainder when 37 is divided by i.
18
What is the remainder when 116 is divided by (2/4)/(3/198) + -3?
26
Calculate the remainder when 90/8 - 1/4 is divided by 3.
2
Suppose 2*c = -3*c + 325. What is the remainder when c is divided by 22?
21
Suppose -199 = 5*s - 4*j, 0 = 3*s - 5*j + 113 - 4. Let p = 60 + s. Suppose -5*h - 175 = -4*y - y, -6 = 3*h. What is the remainder when y is divided by p?
16
Let b = -7 + 10. Let z be (-4)/2 + b/3. Let l = 6 + z. Calculate the remainder when l is divided by 3.
2
Suppose 5*m = -5*b + 2*m - 76, -2*m - 46 = 3*b. Let l(n) = -n**3 - 14*n**2 - 2*n - 19. What is the remainder when 24 is divided by l(b)?
6
Let w = -55 + 95. What is the remainder when 55 is divided by 8/12 + w/3?
13
Let p = -17 + 25. Suppose 4*q - p = 8. Suppose 78 = -q*a + 7*a. What is the remainder when a is divided by 9?
8
Let n = -129 + 206. Calculate the remainder when n is divided by 40.
37
Let o = -2 + 4. Let n(w) = -2*w + 0*w**3 - 1 + 2*w**2 + w**3 + 3*w**3. Calculate the remainder when n(o) is divided by 18.
17
What is the remainder when 15 is divided by (0 - 1)*-4 - 0?
3
Let o(s) = -s + 10. Let a be o(7). Suppose x + 6 = a*x. Suppose -2*y = 5*j + 3 - 9, x = y - 2*j. Calculate the remainder when 4 is divided by y.
1
Calculate the remainder when (2/(-5))/((-20)/250) is divided by 5.
0
Suppose -16 = 9*g - 5*g. Let l = g + -1. Let o(c) = -8*c + 4. Calculate the remainder when o(l) is divided by 15.
14
Suppose 0 = 4*q + 3*z + 16 - 512, -q - 3*z = -133. Calculate the remainder when q is divided by 31.
28
Suppose 3*i + 2*i = 0. Suppose x = -i*x + 10. Calculate the remainder when 28 is divided by x.
8
Let s = 13 - 4. Calculate the remainder when 35 is divided by s.
8
Let k = 34 - 23. Let j be 1/(-1 + 2) + 5. Let x = 14 + j. What is the remainder when x is divided by k?
9
Calculate the remainder when 23 - 0*(-2)/6 is divided by 9.
5
What is the remainder when (11 - 7) + (3 - -1) is divided by 6?
2
Let d(l) = -l**3 - 8*l**2 - 6*l - 17. What is the remainder when 123 is divided by d(-8)?
30
Let u(m) = m - 1. Let x(k) = -2*k**2 + 4*k + 15. Let w(g) = -4*u(g) - x(g). What is the remainder when w(9) is divided by 20?
19
Suppose z - 3*h + 7*h - 7 = 0, 0 = 2*z - 2*h - 4. Suppose z*v - 40 = -y, 3*y + 15 = v + 95. Let x = 44 - y. Calculate the remainder when 30 is divided by x.
14
Let h = -49 + 62. Calculate the remainder when 24 is divided by h.
11
Let r = 11 - -3. Calculate the remainder when (1 - -3)*159/12 is divided by r.
11
Let b = 11 - -29. Suppose -18 = -3*g - 5*z + b, z = -5*g + 126. What is the remainder when 102 is divided by g?
24
Let g = -16 + 22. What is the remainder when 16 is divided by g?
4
Let u be ((-8)/(-3))/(2/3). Suppose -39 = -u*r + 53. What is the remainder when r is divided by 8?
7
Suppose 3*c - 2*y + 4 = 34, -2*c + 20 = 2*y. What is the remainder when 28 is divided by c?
8
Let g(r) = -7*r - 13. What is the remainder when g(-11) is divided by 13?
12
Let g(k) = k**3 + 6*k**2 - k - 6. Let i be g(-6). What is the remainder when 2 is divided by 3 - (3 + (i - 2))?
0
Let h = -3 + 3. Suppose 14 = 2*u - h. What is the remainder when 26 is divided by u?
5
Suppose 2*i = 3*a - a + 80, -i = 4*a - 35. Calculate the remainder when i is divided by 20.
19
Let x(f) = -f**3 + 3*f**2 + 4. Let w be x(3). Suppose 0 = p + w*p - 25. What is the remainder when 19 is divided by p?
4
Let q = -181 + 220. Calculate the remainder when q is divided by 21.
18
Let m = 8 + 50. Calculate the remainder when m is divided by 9.
4
Suppose 2*y = 5*u + 246, 2*y = 7*y - 4*u - 649. What is the remainder when y is divided by 45?
43
Let b be 14/4*(5 - 7). Let q = b - -23. Calculate the remainder when 45 is divided by q.
13
Suppose 40 = 7*q - 3*q. Suppose 4*y + y = q. Suppose -u - 2*i + 1 = -3, -6 = y*i. What is the remainder when 19 is divided by u?
9
Let j = -2 + -1. Let n = 13 + j. Let x = -97 + 116. What is the remainder when x is divided by 